{"id":4423,"date":"2024-10-10T19:20:33","date_gmt":"2024-10-10T19:20:33","guid":{"rendered":"https:\/\/techcare.com.gt\/?post_type=product&#038;p=4423"},"modified":"2025-06-27T03:28:33","modified_gmt":"2025-06-27T03:28:33","slug":"office-365-personal-1-ano","status":"publish","type":"product","link":"https:\/\/techcare.com.gt\/index.php\/producto\/office-365-personal-1-ano\/","title":{"rendered":"Office 365 personal (1 a\u00f1o)"},"content":{"rendered":"<p>Obt\u00e9n aplicaciones de productividad, seguridad y almacenamiento con Microsoft 365. Despu\u00e9s a\u00f1ade potencia con Copilot Pro. Tu licencia incluye las aplicaciones de Word, Excel y Powerpoint para 1 usuario.<\/p>\n","protected":false},"excerpt":{"rendered":"<p><img loading=\"lazy\" decoding=\"async\" class=\"alignnone size-medium wp-image-4427\" src=\"https:\/\/techcare.com.gt\/wp-content\/uploads\/2024\/10\/Office-365-personal-300x300.jpg\" alt=\"\" width=\"300\" height=\"300\" srcset=\"https:\/\/techcare.com.gt\/wp-content\/uploads\/2024\/10\/Office-365-personal-300x300.jpg 300w, https:\/\/techcare.com.gt\/wp-content\/uploads\/2024\/10\/Office-365-personal-1024x1024.jpg 1024w, https:\/\/techcare.com.gt\/wp-content\/uploads\/2024\/10\/Office-365-personal-150x150.jpg 150w, https:\/\/techcare.com.gt\/wp-content\/uploads\/2024\/10\/Office-365-personal-768x768.jpg 768w, https:\/\/techcare.com.gt\/wp-content\/uploads\/2024\/10\/Office-365-personal-600x600.jpg 600w, https:\/\/techcare.com.gt\/wp-content\/uploads\/2024\/10\/Office-365-personal-100x100.jpg 100w, https:\/\/techcare.com.gt\/wp-content\/uploads\/2024\/10\/Office-365-personal.jpg 1200w\" sizes=\"auto, (max-width: 300px) 100vw, 300px\" \/><\/p>\n","protected":false},"featured_media":4427,"comment_status":"open","ping_status":"closed","template":"","meta":{"site-sidebar-layout":"default","site-content-layout":"","ast-site-content-layout":"default","site-content-style":"default","site-sidebar-style":"default","ast-global-header-display":"","ast-banner-title-visibility":"","ast-main-header-display":"","ast-hfb-above-header-display":"","ast-hfb-below-header-display":"","ast-hfb-mobile-header-display":"","site-post-title":"","ast-breadcrumbs-content":"","ast-featured-img":"","footer-sml-layout":"","theme-transparent-header-meta":"default","adv-header-id-meta":"","stick-header-meta":"","header-above-stick-meta":"","header-main-stick-meta":"","header-below-stick-meta":"","astra-migrate-meta-layouts":"set","ast-page-background-enabled":"default","ast-page-background-meta":{"desktop":{"background-color":"var(--ast-global-color-4)","background-image":"","background-repeat":"repeat","background-position":"center center","background-size":"auto","background-attachment":"scroll","background-type":"","background-media":"","overlay-type":"","overlay-color":"","overlay-opacity":"","overlay-gradient":""},"tablet":{"background-color":"","background-image":"","background-repeat":"repeat","background-position":"center center","background-size":"auto","background-attachment":"scroll","background-type":"","background-media":"","overlay-type":"","overlay-color":"","overlay-opacity":"","overlay-gradient":""},"mobile":{"background-color":"","background-image":"","background-repeat":"repeat","background-position":"center center","background-size":"auto","background-attachment":"scroll","background-type":"","background-media":"","overlay-type":"","overlay-color":"","overlay-opacity":"","overlay-gradient":""}},"ast-content-background-meta":{"desktop":{"background-color":"var(--ast-global-color-5)","background-image":"","background-repeat":"repeat","background-position":"center center","background-size":"auto","background-attachment":"scroll","background-type":"","background-media":"","overlay-type":"","overlay-color":"","overlay-opacity":"","overlay-gradient":""},"tablet":{"background-color":"var(--ast-global-color-5)","background-image":"","background-repeat":"repeat","background-position":"center center","background-size":"auto","background-attachment":"scroll","background-type":"","background-media":"","overlay-type":"","overlay-color":"","overlay-opacity":"","overlay-gradient":""},"mobile":{"background-color":"var(--ast-global-color-5)","background-image":"","background-repeat":"repeat","background-position":"center center","background-size":"auto","background-attachment":"scroll","background-type":"","background-media":"","overlay-type":"","overlay-color":"","overlay-opacity":"","overlay-gradient":""}}},"product_cat":[48,49],"product_tag":[57,54,53,55,52,51,58,56],"class_list":{"0":"post-4423","1":"product","2":"type-product","3":"status-publish","4":"has-post-thumbnail","6":"product_cat-licenciamiento","7":"product_cat-office","8":"product_tag-excel","9":"product_tag-licencia","10":"product_tag-licenciamiento","11":"product_tag-microsoft-office","12":"product_tag-office","13":"product_tag-office-365","14":"product_tag-powerpoint","15":"product_tag-word","16":"desktop-align-center","17":"tablet-align-left","18":"mobile-align-center","20":"first","21":"instock","22":"virtual","23":"taxable","24":"purchasable","25":"product-type-simple"},"jetpack_sharing_enabled":true,"_links":{"self":[{"href":"https:\/\/techcare.com.gt\/index.php\/wp-json\/wp\/v2\/product\/4423","targetHints":{"allow":["GET"]}}],"collection":[{"href":"https:\/\/techcare.com.gt\/index.php\/wp-json\/wp\/v2\/product"}],"about":[{"href":"https:\/\/techcare.com.gt\/index.php\/wp-json\/wp\/v2\/types\/product"}],"replies":[{"embeddable":true,"href":"https:\/\/techcare.com.gt\/index.php\/wp-json\/wp\/v2\/comments?post=4423"}],"wp:featuredmedia":[{"embeddable":true,"href":"https:\/\/techcare.com.gt\/index.php\/wp-json\/wp\/v2\/media\/4427"}],"wp:attachment":[{"href":"https:\/\/techcare.com.gt\/index.php\/wp-json\/wp\/v2\/media?parent=4423"}],"wp:term":[{"taxonomy":"product_cat","embeddable":true,"href":"https:\/\/techcare.com.gt\/index.php\/wp-json\/wp\/v2\/product_cat?post=4423"},{"taxonomy":"product_tag","embeddable":true,"href":"https:\/\/techcare.com.gt\/index.php\/wp-json\/wp\/v2\/product_tag?post=4423"}],"curies":[{"name":"wp","href":"https:\/\/api.w.org\/{rel}","templated":true}]}}